et p be (-4892)/(-6115) - 18122/(-10). What is the highest common factor of 8806 and p?
259
Let v(p) = -4*p**2 - 87*p + 38. Let u be v(-22). Let n be 2/10 + 26/(-5) + u. Calculate the highest common divisor of n and 176.
11
Let j(u) be the third derivative of -5*u**4/24 + 7*u**3/3 - 7*u**2. Let g be j(4). Let w be g*(-4)/(-30)*-30. What is the highest common factor of 12 and w?
12
Suppose -3*t + 2*f + 4084 = 0, f - 1419 = 2*t - 4140. What is the highest common factor of t and 14?
14
Let d be 16 + (2016/21)/(-16). Calculate the highest common factor of d and 7760.
10
Let n = 7146 - 6032. What is the greatest common divisor of n and 2?
2
Suppose -17*i = 6*i - 230. Let t be 1/4 - 10215/(-36). Suppose 0 = 4*z - 116 - t. Calculate the greatest common divisor of z and i.
10
Let o(k) = -k**2 - 10*k + 216. Let f be o(-20). What is the highest common divisor of f and 1424?
16
Let q = 18330 - 18075. What is the highest common divisor of 3621 and q?
51
Let w = -27 + -10. Let z = w - -44. Suppose z*d = 8*d - 208. What is the highest common factor of 13 and d?
13
Suppose 9*n + 65 = 14*n. Suppose -n = -4*a + 31. Suppose -4*s + b - 5*b = -4, 0 = -5*s - 2*b + a. What is the highest common factor of s and 21?
3
Suppose -66*a = -68*a - 14. Let i(m) = -16*m + 84. Let r be i(a). Calculate the greatest common factor of r and 56.
28
Suppose -5*u + 5*a = -440, -3*a - 263 = -2*u - 84. Let f = 7 + u. What is the greatest common divisor of f and 230?
46
Suppose 3*p + 3*g + 51 = 0, -5*p + 2*g - 91 = 5*g. Let i = p + 41. Let u be (-2 + 39/15)*5. Calculate the greatest common divisor of u and i.
3
Suppose -2067*g - 624 = -2069*g. Calculate the highest common factor of g and 9.
3
Let t = 79 - 76. Suppose -12*o = -t*o - 54. Calculate the highest common factor of o and 4.
2
Let d(c) = -9*c + 24. Let b be d(2). Calculate the greatest common factor of b and 4038.
6
Suppose 0 = 15*k - 12*k - 9. Let h(m) = -10*m**2 + 7 + k*m + 0*m - m**3 + 2*m**3 - 2*m. Let v be h(10). Calculate the highest common divisor of 153 and v.
17
Suppose 91*v - 155062 = 60*v. Calculate the highest common divisor of v and 82.
82
Let g(d) = 79*d**2 + 49*d + 243. Let f be g(-6). Calculate the highest common factor of f and 21.
21
Suppose -703 = -2*v - 199. Let g = -122 + v. Suppose 17*k = 4*k + g. Calculate the highest common divisor of 20 and k.
10
Let r be -2*((-165)/(-22) - 8). Let b be 1628/55 - (-4)/10. Let j = b + -21. What is the highest common divisor of r and j?
1
Let b = -21701 + 21922. Calculate the highest common divisor of b and 39.
13
Let k be (-39)/(-15) + 66/15 + -4. Suppose 67 = k*a + 4*c, c - 16 = -2*a + 22. Suppose -a = -f + 11. What is the highest common factor of f and 140?
28
Let x(m) = -4*m**3 - 4*m**2. Suppose 14*u - 64*u - 150 = 0. Let w be x(u). Calculate the highest common divisor of w and 270.
18
Let f(l) = 33*l + 109*l + 0 + 11 - 78*l. Let o be f(1). What is the highest common divisor of o and 3?
3
Let w(p) = 880*p**2 - 63*p - 2. Let r be w(1). Calculate the highest common factor of r and 15.
5
Let m(g) = 410*g - 1946. Let k be m(5). What is the highest common factor of 56 and k?
8
Suppose -15*i - 20*i = -14*i - 95550. Calculate the highest common factor of i and 25.
25
Suppose 4*k + 126 = 134. Suppose 4*l - 45 = -n, -3*n + 0*l - k*l + 185 = 0. What is the highest common divisor of 715 and n?
65
Suppose 51*a - 2000 - 1468 = 0. Calculate the greatest common factor of 3 and a.
1
Let g = 58 - -84. Let q = 191 - g. Let i be (5 + -6)*7/(-1). Calculate the highest common factor of q and i.
7
Let i be -3 + -3 + (-6 - -3432). Calculate the highest common divisor of i and 152.
76
Suppose 15*o = -29*o + 14*o + 13500. Calculate the greatest common divisor of o and 17775.
225
Let h(x) = -4*x**2 - 125*x - 882. Let g be h(-11). Calculate the greatest common factor of g and 10917.
9
Let k = 245 - 244. Let u = 27 + -24. Suppose -u*x + 5*x = 2. Calculate the greatest common factor of k and x.
1
Let u(d) = -6*d + 200. Let x be (-12)/((-104)/14 + 7). Let l be u(x). What is the highest common divisor of l and 608?
32
Suppose u - 2 = 0, 4*b + 13 = 9*b - u. Suppose -37 = -g + 2*a, -3*g + 0*a + 66 = b*a. What is the greatest common factor of 6 and g?
3
Suppose 0 = 34*o - 529 + 53. Calculate the highest common factor of o and 602.
14
Let n(p) = 2*p**3 - 6*p**2 + 21*p + 100. Let g be n(12). Calculate the highest common factor of 460 and g.
92
Let o(k) = 141*k + 6646. Let w be o(-43). Calculate the highest common factor of w and 212.
53
Let i be (-16987)/(-7) - 12/(-42). Let j = i - 1193. Suppose -8*k = -j + 194. What is the greatest common divisor of 26 and k?
26
Let n be -1*(4164/(-120) - (-3)/(-10)). Let h be -3 - -2*(0 + 12). Suppose -h = 3*r - 4*r. Calculate the greatest common factor of n and r.
7
Let h be 96/42 + 6/(-21). Suppose -3*g = 0, -556 + 196 = -h*a - 3*g. What is the greatest common divisor of a and 40?
20
Let n be (34 - 1)/((-455)/(-45) - 10). Calculate the highest common factor of n and 432.
27
Let p = 277 - -1148. What is the greatest common factor of p and 75?
75
Suppose -10*l - 12 = -14*l, 5*l = -m + 83. Suppose -12 = 4*a, a + 76 = 5*r + 4*a. Calculate the greatest common factor of m and r.
17
Let z(o) = 102*o + 3. Suppose 15*v - 4 = 11. Let h be z(v). What is the highest common factor of 30 and h?
15
Let i be (-16)/(-12) - (15348/(-18) - (13 - 9)). Calculate the highest common factor of 11 and i.
11
Let b(n) = 2*n**2 + 10*n - 15. Let k = -13 + 16. Suppose 0 = k*p - 16 + 43. Let u be b(p). What is the highest common factor of u and 19?
19
Let r be ((-14)/5)/(24/(-60)). What is the highest common factor of 6013 and r?
7
Suppose -3*g + b = -0*b - 1506, -2*b = 6. Let s = g + -357. Suppose -4 = 2*w, w + 2*w = -5*c + s. Calculate the greatest common factor of 180 and c.
30
Let o(c) = c**3 - 5*c**2 - 4*c + 30. Let i be o(7). Suppose 5*v + i = 5*a, 4*a - 4*v = -2*v + 76. What is the greatest common factor of 18 and a?
18
Let n = 16976 + -15936. What is the greatest common divisor of n and 1680?
80
Let h be -18*6/12 + 5277. What is the greatest common divisor of 12 and h?
12
Let v = -149 + -42. Suppose 2*c = -k + 25 - 380, 0 = 2*k - 5*c + 665. Let f = v - k. What is the greatest common divisor of f and 22?
22
Let q(g) = 23*g - 294. Let s be q(13). Suppose -4*t - s*k = -0*t - 411, -2*k - 2 = 0. Calculate the highest common factor of t and 117.
13
Let t(b) = 103*b - 287. Let r be t(4). Let k(n) = n**2 + 2*n - 10. Let v be k(-5). What is the highest common divisor of r and v?
5
Let k = 1057 + -1055. Let q be (0 - (2 + -2))/(-3). Suppose o + k*o - 396 = q. What is the greatest common divisor of o and 12?
12
Let n = 0 - -48. Suppose n - 3 = 5*m. Let g be (-3*2)/(-1) + 3. Calculate the greatest common factor of g and m.
9
Suppose 38440*u - 38442*u + 32 = 0. Calculate the greatest common divisor of 788 and u.
4
Suppose 0 = f - 2*f + 168. Suppose 0 = 3*d - 2*g - 70, g - 25 = 32*d - 33*d. Calculate the greatest common divisor of f and d.
24
Let l = 3223 + 75. What is the greatest common divisor of 170 and l?
34
Let k be (-999)/(-16 + 7) + -2 + 1. What is the highest common divisor of k and 580?
10
Let l be (-18001)/(-10) + 9/(-90). Suppose -l = -250*c + 247*c. What is the greatest common factor of c and 8?
8
Let d = -2300 - -2323. What is the greatest common divisor of 10 and d?
1
Let p = 72 + -38. Let w = 37 - p. Suppose 0 = -w*y - 3 + 21. Calculate the greatest common divisor of 9 and y.
3
Let w(t) = -t**3 + 6*t**2 - 6*t + 11. Let y = -43 + 48. Let f be w(y). Suppose -30 = -f*n + n. What is the highest common factor of 54 and n?
6
Let c be ((-55)/(-2))/((-1)/(-2)). Let y(v) = -6*v + 189 - 3*v + v**2 - 215 + v. Let z be y(-4). What is the highest common factor of z and c?
11
Let z be (11/((-231)/(-150)))/(5/175). Calculate the greatest common factor of 80 and z.
10
Let o(x) = -14*x**2 - 106*x - 24. Let t be o(-7). What is the greatest common factor of 1648 and t?
16
Suppose 310 = 2*z - 2*j, -z - 160 = -2*z - 4*j. Let o be (-2 - 4) + z + 5. What is the greatest common divisor of 62 and o?
31
Let b = -1019 + 1029. Let s = -8 + 12. What is the greatest common factor of b and s?
2
Let n = 3 - 1. Let z be (-24*n)/(4/(-22)). Let i be -1 + 8/(8 - (-2208)/(-299)). Calculate the highest common divisor 